0*v = -9*v - z. What is the highest common factor of 36 and v?
12
Let i be 272/6 + 2/(-6). Let j be 4/(-22) - 24/(-11). Let p be (-48)/(-10) + j/10. What is the highest common divisor of i and p?
5
Suppose 0 = 4*t - 70 - 30. Suppose r = t + 11. Calculate the greatest common factor of r and 9.
9
Suppose -28 = 4*j - 5*j. Let p = 18 - 4. What is the highest common divisor of p and j?
14
Let a(l) = 5*l**2 + 9*l + 1. Let d be a(-6). Let i = -17 + d. Suppose 4*k - 36 = g, -7*g + 36 = 2*k - 3*g. What is the greatest common divisor of i and k?
10
Suppose -a + 2 + 0 = 0. Let r be (1/(-3))/(a/(-12)). Let d be 31 + r - -1 - -2. What is the greatest common factor of d and 24?
12
Suppose 3*y = 9 + 3. Suppose 10 = s - 2*j, 9*j = y*j + 20. Calculate the greatest common factor of s and 36.
18
Suppose 12*p - 161 - 211 = 0. What is the highest common factor of 31 and p?
31
Suppose 212 + 58 = -3*j. Let b = -53 - j. Suppose 2*z + h - b = 39, -4*h = 3*z - 124. What is the highest common divisor of 24 and z?
12
Suppose 370 = 3*h - 6*m + m, m + 2 = 0. Let c be ((-12)/5)/((-18)/h). What is the greatest common factor of 32 and c?
16
Let t(w) = 5*w**2 - 7*w - 2. Let n be t(-3). Calculate the greatest common divisor of n and 16.
16
Let q = 20 - 5. Calculate the highest common divisor of 15 and q.
15
Let d be ((-8)/12)/((-4)/18). Suppose d*r - r = 30. What is the highest common divisor of 5 and r?
5
Let u = 0 - 8. Let m = 7 - u. Let z = m + 5. What is the highest common factor of z and 10?
10
Let u = -31 + 46. Let s(b) = b**3 + 9*b**2 - b + 6. Let r be s(-9). Calculate the greatest common divisor of u and r.
15
Let d = 9 + -5. Suppose 1 = 2*a + z - 29, 4*z = -8. What is the greatest common divisor of a and d?
4
Let r be (-23 + 8)/(2/(-8)). What is the greatest common divisor of 15 and r?
15
Let k(x) = -x**2 - 5*x + 4. Suppose 4*j - 15 = 4*f - 5*f, 30 = -2*f + 4*j. Let y be k(f). What is the greatest common divisor of y and 12?
4
Let g = 22 - 11. Let v(b) = -b**2 + 16*b - 15. Let i be v(g). Calculate the greatest common divisor of i and 8.
8
Let n be 1*(0/1)/(-3). Suppose n = -2*i + 1 + 9. Suppose 94 + 41 = 3*f. What is the greatest common divisor of i and f?
5
Suppose -2*j = -y + 2, -4*j - y = -2*y + 2. Let d = 4 - j. Calculate the greatest common divisor of 8 and d.
4
Suppose 5 = -3*v + 14. Let t(o) = -o - 3. Let b be t(-6). What is the highest common divisor of v and b?
3
Let g = -98 - -112. Calculate the greatest common factor of 42 and g.
14
Suppose 4*c + 7 = -13. Let f = c + 8. Suppose 0 = -2*z - 4*s + 8, 0 = 4*z + f*s - 21. Calculate the highest common factor of z and 12.
6
Let p = -16 + 24. Let c = 16 - p. Let m(q) = -q**3 + 7*q**2 + 10*q - 5. Let b be m(c). What is the highest common divisor of 77 and b?
11
Suppose -5*a - 4*u + 330 = 0, -60 = -4*a + 3*a - 2*u. What is the greatest common divisor of a and 28?
14
Suppose 0 = -5*h - 2*b - 3*b + 75, -5*b = -3*h + 69. Calculate the highest common factor of 36 and h.
18
Let j = -1 - -7. Let n be 1 - -2*(-15)/j. Let p be (7 + 3)*(-14)/n. What is the highest common factor of p and 7?
7
Let v(j) = 3*j**2 + 13*j + 11. Let y be v(-11). Let b = 51 + -30. What is the highest common factor of b and y?
21
Let c be 7/(-1 + 38/36). What is the highest common divisor of c and 14?
14
Suppose -2*g + 8 = 0, 2*v - 4*g + 2 = -6. Let n be 10/2 + v/2. Suppose -4*m = b - 13 - 31, -2*m = -5*b + 286. Calculate the greatest common divisor of b and n.
7
Let z(c) = -c**3 + 6*c**2 - 6. Let t be z(5). Suppose -q + 15 = -23. Calculate the highest common divisor of t and q.
19
Let x be 355/3 - (-4)/6. Suppose 4*d - 5*c - 145 = -d, -c + 91 = 4*d. Suppose -5*o + d = -61. Calculate the greatest common factor of o and x.
17
Let x(p) = p**3 - 13*p**2 - 7*p + 2. Let g be x(14). Let t(j) = 5*j. Let n be t(2). Calculate the highest common factor of g and n.
10
Suppose 0 = -21*o + 54 + 828. What is the greatest common divisor of o and 6?
6
Suppose -2*r - 81 = -5*r - 3*s, -4*r + 68 = -4*s. Suppose -4*v = 5*z - 82 - r, 3*v = -3*z + 75. Let o = 32 - 11. What is the highest common divisor of o and v?
21
Suppose -y = -10 - 2. What is the highest common factor of 4 and y?
4
Let n(q) = -2*q + 3. Let z be n(2). Let b be (1 - 1) + (z - -1). Suppose b = -2*g + 4*g - 18. What is the greatest common factor of 1 and g?
1
Suppose 2*c = 0, -4*d = -0*d - 4*c - 48. Suppose v + h = 15, 3*v - 2*h - 24 - 36 = 0. What is the highest common divisor of v and d?
6
Let t = 63 + -39. Let y be ((-60)/16)/((-2)/t). Calculate the highest common divisor of 18 and y.
9
Suppose 3*k + 576 = 7*k + 4*i, -4*k + 577 = 5*i. Let z be 1/((4/(-26))/(-2)). Calculate the greatest common factor of k and z.
13
Let q(d) = -d**3 - 6*d**2 + 6*d - 2. Let a be q(-7). What is the greatest common factor of a and 35?
5
Let r(p) = -3*p**2 - 4*p + 3. Let h be r(-6). Let m = 131 + h. Let u = m - 32. Calculate the highest common factor of 45 and u.
9
Suppose 2*s - 2 = -0*s. What is the highest common factor of s and 8?
1
Let z(l) = 71*l**2 + l. Let p be z(2). What is the greatest common divisor of 26 and p?
26
Suppose 2*a + 2*a + 64 = 0. Let x be -1 + a/(12/(-3)). Calculate the greatest common factor of x and 21.
3
Let j = -18 + 13. Let a(s) = -s - 3. Let r be a(j). Let f be (-27)/r*(-2 - 0). Calculate the highest common divisor of 3 and f.
3
Suppose -2*s - i - 3*i + 32 = 0, 4*i + 4 = 0. Suppose r = 2*r - s. Calculate the highest common divisor of r and 3.
3
Let c(s) = -28*s + 2. Let g be c(2). Let h = -29 - g. What is the greatest common divisor of h and 250?
25
Suppose 4*l = 1 + 11. Let z(u) = 7*u. Let a be z(l). Calculate the greatest common divisor of a and 7.
7
Suppose v - 1 = 2*v. Let l be 15 - v*2*-1. Let x = 8 - -57. What is the greatest common factor of x and l?
13
Let w(i) = 10*i - 6. Let q be w(3). What is the greatest common factor of q and 264?
24
Let y(f) = f**2 + f - 5. Let a be y(-5). Suppose 0 = -3*c - u + 110, 2*c - 61 = -2*u + a. What is the highest common divisor of c and 4?
4
Suppose h + 4*y = 13, 4*h + 5*y = -0*h + 52. Calculate the greatest common divisor of 26 and h.
13
Suppose -3*o + o = -3*n - 150, 0 = -o - 5*n + 101. Let y = -41 + o. Suppose 51 = 3*x - 249. Calculate the highest common divisor of x and y.
20
Let r be (2 + (2 - 0))/(-2). Let a be (r/(-6))/(2/462). What is the highest common divisor of a and 11?
11
Suppose 2*h = 2*x - h - 37, 4*h - 127 = -5*x. Calculate the highest common divisor of x and 207.
23
Let i be 88*(17/(-4) + 2). Let z = 306 + i. What is the highest common factor of 27 and z?
27
Let g be (-310)/(-93)*(-1 + (-58)/(-10)). What is the greatest common factor of g and 56?
8
Let l be (-11)/(-5) + (-3)/15. Suppose -2*p - l*j + 11 = -p, -5*p + 47 = 2*j. Let i(u) = u**2 - 4. Let d be i(7). What is the highest common divisor of d and p?
9
Let j be (-6)/(-5)*(-170)/(-51). Suppose -j*l + 195 = l. What is the greatest common factor of 13 and l?
13
Suppose v - 5*v + 5*i = -1921, 0 = 3*v - 5*i - 1447. Suppose 486 = 5*d - v. Let s be (-357)/(-14) - 6/4. Calculate the highest common factor of s and d.
24
Suppose 673 = 5*g + 193. What is the greatest common divisor of g and 12?
12
Let o(g) = 34*g**2 + 9*g + 2. Let p be o(-2). What is the highest common factor of p and 6?
6
Let q(j) = j**3 + 10*j**2 + 2*j - 1. Let y be (-3 - 4)/(3 + -2). Let i be q(y). Suppose 2*u = 5*u - 36. What is the highest common divisor of u and i?
12
Let r be 8*3 - 3 - 1. Suppose 3*m = r + 172. What is the greatest common divisor of m and 8?
8
Suppose -n - n - 2*f = -16, 2*n - 16 = 4*f. Calculate the highest common divisor of n and 1.
1
Let p = -3 - -6. Suppose q = 3*q + t - 22, 0 = -q - 4*t - p. Calculate the highest common divisor of 91 and q.
13
Let h(m) = 15*m + 5. Let i be h(-5). Let r = i + 115. Let j = 68 + -53. Calculate the highest common factor of j and r.
15
Let i be 6/21 + 26/7. Let q = i - -26. Suppose -2*a - 2*v = -41 + 13, -2*a + 3*v = -18. Calculate the greatest common factor of q and a.
6
Suppose -7*u + 24 = -5*u. Suppose 0 = -4*s - n - 0*n + 15, 4*s + 4*n - u = 0. What is the greatest common factor of s and 12?
4
Let p = -4 - -64. Calculate the highest common divisor of p and 24.
12
Suppose -37*g + 41*g = 20. Let p(t) = 7*t**2 + 3*t - 4. Let b be p(2). What is the greatest common di